{"id":18,"date":"2020-10-27T17:04:12","date_gmt":"2020-10-27T16:04:12","guid":{"rendered":"http:\/\/wektorszkolenia.pl\/?page_id=18"},"modified":"2020-10-27T18:36:08","modified_gmt":"2020-10-27T17:36:08","slug":"o-nas","status":"publish","type":"page","link":"https:\/\/wektorszkolenia.pl\/?page_id=18","title":{"rendered":"O nas"},"content":{"rendered":"<p><img loading=\"lazy\" class=\"size-full wp-image-45 alignleft\" src=\"http:\/\/wektorszkolenia.pl\/wp-content\/uploads\/2020\/10\/onas.jpg\" alt=\"\" width=\"199\" height=\"135\" \/>Firma powsta\u0142a jako odpowied\u017a na zapotrzebowanie rynku na pog\u0142\u0119bianie wiedzy i zdobywanie nowych umiej\u0119tno\u015bci przez kierowc\u00f3w, niezb\u0119dnych do efektywnej i bezpiecznej jazdy.<\/p>\n<p>Dzi\u0119ki do\u015bwiadczeniom zdobytym podczas szkole\u0144 i we wsp\u00f3\u0142pracy z firmami transportowymi i kierowcami mamy pewno\u015b\u0107, \u017ce nawet do\u015bwiadczony kierowca potrzebuje od\u015bwie\u017cenia swojej wiedzy, a tak\u017ce poznania nowych rozwi\u0105za\u0144 czy przepis\u00f3w.<\/p>\n<p>Prowadz\u0105cy szkolenia to wyk\u0142adowcy z wieloletnim do\u015bwiadczeniem zdobytym podczas pracy w wielu renomowanych o\u015brodkach szkoleniowych. Posiadaj\u0105 odpowiednie kompetencje szkoleniowe w postaci do\u015bwiadczenia popartego wiedz\u0105 teoretyczn\u0105, potwierdzon\u0105 licznymi certyfikatami.<\/p>\n","protected":false},"excerpt":{"rendered":"<p>Firma powsta\u0142a jako odpowied\u017a na zapotrzebowanie rynku na pog\u0142\u0119bianie wiedzy i zdobywanie nowych umiej\u0119tno\u015bci przez kierowc\u00f3w, niezb\u0119dnych do efektywnej i bezpiecznej jazdy. Dzi\u0119ki do\u015bwiadczeniom zdobytym podczas szkole\u0144 i we wsp\u00f3\u0142pracy z firmami transportowymi i kierowcami mamy pewno\u015b\u0107, \u017ce nawet do\u015bwiadczony kierowca potrzebuje od\u015bwie\u017cenia swojej wiedzy, a tak\u017ce poznania nowych rozwi\u0105za\u0144 czy przepis\u00f3w. Prowadz\u0105cy szkolenia to &hellip; <\/p>\n<p class=\"link-more\"><a href=\"https:\/\/wektorszkolenia.pl\/?page_id=18\" class=\"more-link\">Czytaj dalej<span class=\"screen-reader-text\"> O nas<\/span><\/a><\/p>\n","protected":false},"author":1,"featured_media":46,"parent":0,"menu_order":0,"comment_status":"closed","ping_status":"closed","template":"","meta":[],"_links":{"self":[{"href":"https:\/\/wektorszkolenia.pl\/index.php?rest_route=\/wp\/v2\/pages\/18"}],"collection":[{"href":"https:\/\/wektorszkolenia.pl\/index.php?rest_route=\/wp\/v2\/pages"}],"about":[{"href":"https:\/\/wektorszkolenia.pl\/index.php?rest_route=\/wp\/v2\/types\/page"}],"author":[{"embeddable":true,"href":"https:\/\/wektorszkolenia.pl\/index.php?rest_route=\/wp\/v2\/users\/1"}],"replies":[{"embeddable":true,"href":"https:\/\/wektorszkolenia.pl\/index.php?rest_route=%2Fwp%2Fv2%2Fcomments&post=18"}],"version-history":[{"count":4,"href":"https:\/\/wektorszkolenia.pl\/index.php?rest_route=\/wp\/v2\/pages\/18\/revisions"}],"predecessor-version":[{"id":59,"href":"https:\/\/wektorszkolenia.pl\/index.php?rest_route=\/wp\/v2\/pages\/18\/revisions\/59"}],"wp:featuredmedia":[{"embeddable":true,"href":"https:\/\/wektorszkolenia.pl\/index.php?rest_route=\/wp\/v2\/media\/46"}],"wp:attachment":[{"href":"https:\/\/wektorszkolenia.pl\/index.php?rest_route=%2Fwp%2Fv2%2Fmedia&parent=18"}],"curies":[{"name":"wp","href":"https:\/\/api.w.org\/{rel}","templated":true}]}}